-204344004 (base 5) to base 15
-11da04
150516 (base 9) to base 10
92274
What is -98164 (base 11) in base 8?
-426420
Convert -475179 (base 10) to base 16.
-7402b
Convert -4053160 (base 7) to base 2.
-1110110000110001001
Convert -12200123131 (base 4) to base 5.
-414040233
What is -440234 (base 7) in base 10?
-76955
-468411 (base 10) to base 8
-1622673
What is 2236c0 (base 14) in base 10?
1162056
Convert -2742cc (base 15) to base 5.
-440343032
What is 454791 (base 12) in base 14?
20b621
Convert 87b710 (base 16) to base 2.
100001111011011100010000
Convert 850267 (base 11) to base 6.
45105120
What is -33126121 (base 7) in base 15?
-3b39a7
Convert -8cda (base 16) to base 14.
-d1d8
What is -61d960 (base 16) in base 11?
-368aa03
-72abc (base 14) to base 9
-461281
What is -10de3 (base 15) in base 11?
-37436
What is 101111000100011000010000 (base 2) in base 14?
18d2880
Convert -3144340 (base 8) to base 15.
-1183c1
412224140 (base 5) to base 2
110011010001000110000
What is -111011011101010111110 (base 2) in base 16?
-1dbabe
-c12b81 (base 14) to base 3
-110020020102000
-a049 (base 13) to base 10
-22031
302749 (base 12) to base 15
ec7cc
Convert 202333 (base 5) to base 10.
6593
Convert -167360 (base 8) to base 4.
-32323300
What is 2997b (base 12) in base 9?
88115
-771425 (base 11) to base 15
-194e26
What is 2110210221222 (base 3) in base 6?
44104212
111001111101111101 (base 2) to base 8
717575
-31112101201 (base 4) to base 16
-356461
What is -133564242 (base 7) in base 10?
-8688318
-e658e (base 16) to base 7
-11006510
Convert 7e8b7 (base 15) to base 5.
100403342
-137163 (base 10) to base 6
-2535003
1233b36 (base 13) to base 4
111212231111
What is 13cb0 (base 13) in base 7?
213546
Convert -110221221102 (base 3) to base 14.
-68d7d
-22de3 (base 15) to base 8
-331042
1334204321 (base 5) to base 2
1101000101000101100111
1123203102 (base 4) to base 11
236814
-1b8a19 (base 14) to base 7
-11236532
110000110110110100 (base 2) to base 11
127394
Convert 2021222111 (base 3) to base 10.
45184
What is -10303301401 (base 5) in base 12?
-3822308
What is -84b93a (base 12) in base 13?
-584131
What is -10101110011001000100 (base 2) in base 12?
-2a5458
What is 2839255 (base 11) in base 16?
4a94b6
Convert 25040442 (base 6) to base 4.
3002330222
What is 2664830 (base 9) in base 2?
101100100011110100101
Convert 531753 (base 8) to base 6.
3444015
-136d3c (base 16) to base 11
-79a598
-73b79 (base 12) to base 16
-251cd
Convert -11010100001110111 (base 2) to base 14.
-2b859
What is -10220202010110 (base 3) in base 8?
-7741154
Convert -1656b73 (base 13) to base 3.
-111120102200220
What is -4850445 (base 10) in base 13?
-100a9b2
Convert -1336620 (base 10) to base 11.
-83324a
1241112313 (base 5) to base 12
103a787
What is -10121111012 (base 3) in base 2?
-10001010110011101
316809 (base 11) to base 12
205319
20113300211 (base 4) to base 2
1000010111110000100101
What is -109a69 (base 14) in base 15?
-b2433
Convert -3873a7 (base 14) to base 8.
-7316407
Convert -15155524 (base 7) to base 15.
-1d766d
Convert c0bc1 (base 14) to base 6.
13532553
What is -717675 (base 12) in base 5?
-423304414
What is -154400 (base 8) in base 6?
-1105104
Convert -360e5c (base 16) to base 6.
-203533004
-111112211122 (base 3) to base 8
-1010710
2970c0 (base 15) to base 3
10202111222200
What is 63602644 (base 7) in base 3?
101011011000001
335445 (base 7) to base 2
1110100010110000
Convert 263915 (base 10) to base 9.
442018
31ab5 (base 12) to base 5
4044023
-12124511 (base 6) to base 7
-3161323
What is 440323 (base 7) in base 5?
4430441
-1060561 (base 8) to base 3
-112120210221
Convert 1320200214 (base 5) to base 11.
1945aa0
Convert 59733 (base 11) to base 2.
10101000000110011
-14162611 (base 8) to base 3
-20000210201210
Convert -a04800 (base 11) to base 3.
-10001010211120
What is 32404133 (base 6) in base 5?
221341040
What is 24df25 (base 16) in base 10?
2416421
-2340311432 (base 5) to base 10
-5400867
What is -40210 (base 10) in base 15?
-bdaa
What is 211044 (base 8) in base 10?
70180
-12535 (base 6) to base 15
-88b
What is 342423240 (base 6) in base 5?
3102130334
Convert 19a799 (base 14) to base 10.
912515
Convert 1369933 (base 13) to base 4.
113121122032
-11365505 (base 7) to base 6
-33334332
Convert -1542224 (base 8) to base 9.
-745372
270037 (base 13) to base 7
11003662
Convert -3323300212 (base 4) to base 6.
-34034034
Convert -120010211 (base 3) to base 4.
-2230132
-596c (base 16) to base 11
-16221
-200000200111 (base 3) to base 4
-1112213221
What is 864051 (base 10) in base 4?
3102330303
What is -4304401342 (base 5) in base 16?
-8a3d0d
What is 13b3849 (base 12) in base 6?
221005333
Convert -100011011011001010 (base 2) to base 7.
-1143012
What is 100011011001011011010010 (base 2) in base 14?
13378b0
Convert -62381 (base 10) to base 5.
-3444011
Convert -2d2d0 (base 15) to base 12.
-70436
Convert 32200306 (base 7) to base 14.
514606
Convert 116434 (base 7) to base 16.
53ef
-686512 (base 9) to base 6
-12453232
-151bcb6 (base 13) to base 14
-c75867
Convert -19a554 (base 12) to base 16.
-6eb90
-12a116 (base 11) to base 13
-719a6
What is -213310010 (base 4) in base 13?
-592c4
2596c3 (base 13) to base 2
11011101010001100001
Convert 915462 (base 11) to base 16.
16734b
What is 58863 (base 9) in base 8?
114656
What is 2351252 (base 6) in base 5?
12422230
Convert -196 (base 12) to base 10.
-258
20276760 (base 9) to base 13
202b03c
Convert -1102104344 (base 5) to base 9.
-4424886
Convert 3d3d8 (base 15) to base 16.
30014
-444440341 (base 5) to base 14
-38b832
105c0c4 (base 13) to base 8
23036052
-50d59 (base 16) to base 8
-1206531
-67c91d (base 15) to base 16
-4b945a
Convert -236133 (base 9) to base 8.
-425672
What is b583c (base 15) in base 12?
239133
24131504 (base 6) to base 13
20736a
103112566 (base 7) to base 14
b5abdd
What is -1052195 (base 10) in base 6?
-34315135
1203041125 (base 6) to base 7
223306454
Convert -10010110011000100011100 (base 2) to base 10.
-4927772
Convert 9579 (base 15) to base 12.
16366
What is 131333222203 (base 4) in base 12?
2772397
Convert -1021261 (base 10) to base 15.
-1528e1
Convert -1089c (base 14) to base 3.
-2001001000
-bc0e8 (base 16) to base 6
-24302040
What is 10100001101011101001 (base 2) in base 4?
2201223221
102021200001 (base 3) to base 2
110110001110010111
-111101010101110000110 (base 2) to base 9
-3703162
What is 5a28 (base 16) in base 11?
16382
Convert 413321 (base 5) to base 7.
54416
What is -57a425 (base 13) in base 15?
-2b1049
-66626100 (base 8) to base 16
-db2c40
What is -b82124 (base 13) in base 15?
-5a4304
Convert -1201021110021 (base 3) to base 5.
-213121402
Convert -423233335 (base 6) to base 7.
-120140441
What is -84781 (base 12) in base 9?
-284487
-10001000111101100001 (base 2) to base 15
-b1348
5cc51 (base 16) to base 3
201022020112
1263104 (base 13) to base 14
a98817
-10000010100001110001000 (base 2) to base 7
-51232522
What is -7b800 (base 15) in base 12?
-16b730
483927 (base 10) to base 7
4053603
Convert -3024524 (base 6) to base 15.
-2c84a
Convert 3331142133 (base 5) to base 8.
33630600
What is 2012202120202 (base 3) in base 6?
41113502
Convert -6004857 (base 9) to base 5.
-1304123022
Convert 655414 (base 7) to base 12.
56501
What is -1525411 (base 7) in base 2?
-110010111000010101
52747 (base 8) to base 11
15582
Convert 12b8f (base 16) to base 14.
1dd39
Convert 1032603 (base 7) to base 5.
13011320
13452254 (base 6) to base 12
1a108a
What is -300113010333 (base 4) in base 3?
-212212002011210
10100001010100001001111 (base 2) to base 8
24124117
What is 547050 (base 9) in base 8?
1175755
104333034 (base 5) to base 7
3644004
Convert -1000100000010110 (base 2) to base 9.
-52708
Convert -3923a (base 11) to base 6.
-1112043
What is -67aa8 (base 11) in base 15?
-1e2b1
What is 173254 (base 14) in base 13?
227209
Convert -12810568 (base 9) to base 11.
-36302a7
What is 7a93a (base 14) in base 13?
a5940
Convert 252da8 (base 16) to base 7.
26465362
552973 (base 10) to base 14
105741
6874256 (base 9) to base 6
211304210
Convert 44841 (base 11) to base 6.
1220245
Convert -246014 (base 7) to base 10.
-45287
What is -3b815 (base 13) in base 9?
-178507
What is 10100010000001100101 (base 2) in base 6?
22120245
-2551663 (base 7) to base 16
-510f4
Convert -10410 (base 5) to b